r when 4166126 is divided by 329?
328
Calculate the remainder when 166904184 is divided by 448.
440
Calculate the remainder when 49390 is divided by 16315.
445
Calculate the remainder when 3700087 is divided by 90.
7
Calculate the remainder when 1966475 is divided by 649.
5
Calculate the remainder when 11412857 is divided by 677.
668
Calculate the remainder when 778893 is divided by 1.
0
What is the remainder when 5993340 is divided by 2580?
0
Calculate the remainder when 139733 is divided by 69222.
1289
Calculate the remainder when 324084 is divided by 4261.
248
What is the remainder when 192963 is divided by 2205?
1128
What is the remainder when 5911000 is divided by 1477740?
40
What is the remainder when 143160 is divided by 9936?
4056
Calculate the remainder when 2456389 is divided by 34112.
325
What is the remainder when 1102688 is divided by 9588?
68
Calculate the remainder when 10823999 is divided by 750.
749
What is the remainder when 81172 is divided by 5795?
42
What is the remainder when 5582518 is divided by 977?
917
Calculate the remainder when 21083686 is divided by 879.
871
Calculate the remainder when 16297210 is divided by 72.
10
Calculate the remainder when 2128462 is divided by 43437.
49
Calculate the remainder when 138864 is divided by 1967.
1174
What is the remainder when 58545876 is divided by 185?
36
What is the remainder when 3435167 is divided by 37748?
99
What is the remainder when 80284902 is divided by 288?
6
Calculate the remainder when 2430221 is divided by 75.
71
What is the remainder when 226634 is divided by 1785?
1724
Calculate the remainder when 409075 is divided by 15056.
2563
What is the remainder when 8808180 is divided by 88?
84
What is the remainder when 14392 is divided by 3157?
1764
Calculate the remainder when 36402918 is divided by 902.
2
Calculate the remainder when 548895 is divided by 42221.
22
What is the remainder when 3786233 is divided by 131?
71
What is the remainder when 106888 is divided by 99?
67
What is the remainder when 30421576 is divided by 13722?
13624
Calculate the remainder when 11839 is divided by 3404.
1627
Calculate the remainder when 1958420 is divided by 133.
128
Calculate the remainder when 40344 is divided by 3613.
601
Calculate the remainder when 120782 is divided by 41.
37
What is the remainder when 6281608 is divided by 2093846?
70
Calculate the remainder when 118802 is divided by 2182.
974
What is the remainder when 9232584 is divided by 3308?
3264
What is the remainder when 597675779 is divided by 10260?
10259
What is the remainder when 324996 is divided by 32498?
16
What is the remainder when 223159 is divided by 1707?
1249
Calculate the remainder when 5356842 is divided by 214.
208
What is the remainder when 18652 is divided by 1253?
1110
What is the remainder when 2525642 is divided by 105235?
2
What is the remainder when 6163773 is divided by 17?
15
What is the remainder when 10852016 is divided by 1189?
13
What is the remainder when 639145 is divided by 140?
45
Calculate the remainder when 117058277 is divided by 274.
271
What is the remainder when 946191 is divided by 318?
141
Calculate the remainder when 343957 is divided by 345.
337
What is the remainder when 307758 is divided by 43950?
108
What is the remainder when 4992167 is divided by 191?
0
What is the remainder when 3204935 is divided by 103?
90
What is the remainder when 21248118 is divided by 28909?
3
What is the remainder when 4370948 is divided by 36?
8
What is the remainder when 1271780 is divided by 120?
20
What is the remainder when 850520 is divided by 34009?
295
What is the remainder when 1795363 is divided by 5219?
27
What is the remainder when 3949711 is divided by 303823?
12
Calculate the remainder when 14523977 is divided by 136.
129
What is the remainder when 43153953 is divided by 11?
7
What is the remainder when 153384189 is divided by 78?
75
What is the remainder when 10156431 is divided by 566?
127
Calculate the remainder when 73237 is divided by 6129.
5818
What is the remainder when 812701 is divided by 1171?
27
What is the remainder when 11630856 is divided by 4?
0
What is the remainder when 170611 is divided by 3789?
106
Calculate the remainder when 55753 is divided by 2229.
28
What is the remainder when 343990 is divided by 416?
374
Calculate the remainder when 831358 is divided by 670.
558
Calculate the remainder when 16796829 is divided by 6.
3
Calculate the remainder when 34354620 is divided by 1062.
1044
Calculate the remainder when 180801 is divided by 126.
117
What is the remainder when 3504944 is divided by 280?
184
Calculate the remainder when 605725 is divided by 2677.
723
Calculate the remainder when 495863 is divided by 2333.
1267
Calculate the remainder when 126698 is divided by 9809.
8990
Calculate the remainder when 54645 is divided by 5981.
816
Calculate the remainder when 1554877 is divided by 18.
1
Calculate the remainder when 4794479 is divided by 191.
188
What is the remainder when 46567431 is divided by 20948?
27
What is the remainder when 685886 is divided by 3187?
681
Calculate the remainder when 76757 is divided by 494.
187
What is the remainder when 1208266 is divided by 357?
178
What is the remainder when 32437 is divided by 31363?
1074
Calculate the remainder when 142816 is divided by 47515.
271
What is the remainder when 9199068 is divided by 180?
168
Calculate the remainder when 193309751 is divided by 91.
89
What is the remainder when 1282106 is divided by 4245?
116
What is the remainder when 1071206 is divided by 5410?
26
What is the remainder when 12354038 is divided by 882431?
4
What is the remainder when 77305 is divided by 308?
305
What is the remainder when 40886 is divided by 967?
272
Calculate the remainder when 68170442 is divided by 21.
11
What is the remainder when 111359359 is divided by 392?
391
Calculate the remainder when 92491 is divided by 2786.
553
What is the remainder when 3201985 is divided by 168525?
10
What is the remainder when 3887315 is divided by 15?
5
What is the remainder when 85582837 is divided by 190?
187
What is the remainder when 211103192 is divided by 7?
6
Calculate the remainder when 2651435 is divided by 98.
45
What is the remainder when 15811939 is divided by 3952?
3939
Calculate the remainder when 61318 is divided by 2917.
61
Calculate the remainder when 145765 is divided by 145723.
42
Calculate the remainder when 10733609 is divided by 6123.
6113
What is the remainder when 4303710 is divided by 2852?
42
What is the remainder when 123154505 is divided by 11100?
5
What is the remainder when 2959985 is divided by 68836?
37
What is the remainder when 1425923 is divided by 118791?
431
What is the remainder when 25432 is divided by 12060?
1312
Calculate the remainder when 206602362 is divided by 705.
702
Calculate the remainder when 213160 is divided by 1229.
543
Calculate the remainder when 7707 is divided by 3400.
907
Calculate the remainder when 14466078 is divided by 35.
18
Calculate the remainder when 74151717 is divided by 72.
69
Calculate the remainder when 796242 is divided by 1045.
997
Calculate the remainder when 6619 is divided by 351.
301
What is the remainder when 1016162 is divided by 194?
184
What is the remainder when 64327 is divided by 211?
183
Calculate the remainder when 37204 is divided by 18480.
244
Calculate the remainder when 2320744 is divided by 85945.
229
Calculate the remainder when 1501289 is divided by 23096.
49
Calculate the remainder when 9102228 is divided by 58.
56
Calculate the remainder when 90933 is divided by 6043.
288
What is the remainder when 1307950 is divided by 1121?
864
Calculate the remainder when 62034 is divided by 15504.
18
What is the remainder when 456738 is divided by 456401?
337
What is the remainder when 3099757 is divided by 218?
15
Calculate the remainder when 10934650 is divided by 441.
55
What is the remainder when 939230 is divided by 85285?
1095
Calculate the remainder when 14380 is divided by 1123.
904
What is the remainder when 17109 is divided by 1391?
417
What is the remainder when 1730824 is divided by 327?
13
Calculate the remainder when 1304725 is divided by 48322.
31
What is the remainder when 7032263 is divided by 849?
845
Calculate the remainder whe